33233581 a multiple of 163?
True
Is 19 a factor of 106242694?
False
Is 4791606694 a multiple of 19?
True
Does 274 divide 14135353?
False
Does 4 divide 3067915?
False
Is 27 a factor of 3287901?
False
Does 6822 divide 846282744?
True
Is 161785494 a multiple of 2139?
False
Does 920 divide 12733720?
True
Does 3586 divide 164402906?
False
Is 320702592 a multiple of 7?
True
Is 140 a factor of 2744709520?
True
Does 98 divide 7500136?
True
Does 45 divide 12121554?
False
Does 5 divide 31363370?
True
Is 1182 a factor of 374790924?
True
Does 75 divide 649350?
True
Does 3 divide 159925437?
True
Is 108 a factor of 936012564?
True
Is 484 a factor of 94802048?
True
Does 5779 divide 227218722?
True
Does 528 divide 299566217?
False
Does 8124 divide 894184308?
True
Does 57 divide 39726080?
False
Is 808 a factor of 1937479749?
False
Is 2787 a factor of 69182609?
False
Does 255 divide 25010655?
True
Is 21640619 a multiple of 11?
True
Is 1665 a factor of 210803985?
True
Is 4810 a factor of 2738501350?
True
Is 2829386306 a multiple of 1735?
False
Is 122 a factor of 11220704?
False
Is 2743013318 a multiple of 9158?
True
Is 4581 a factor of 26156228?
False
Is 15 a factor of 7919189?
False
Is 43032910 a multiple of 2930?
True
Is 14428520 a multiple of 8?
True
Does 809 divide 150313397?
False
Is 1252 a factor of 352638320?
True
Is 127150105 a multiple of 17?
False
Is 10675926 a multiple of 19?
False
Is 85901454 a multiple of 238?
False
Is 19555887 a multiple of 68?
False
Does 19 divide 40886503?
False
Is 65126846 a multiple of 1426?
True
Does 46 divide 17529332?
False
Does 27 divide 1554914538?
False
Is 140476026 a multiple of 7260?
False
Is 26 a factor of 16337683?
False
Is 1242717408 a multiple of 204?
True
Does 9 divide 181024191?
True
Is 43 a factor of 44812002?
False
Does 512 divide 22508816?
False
Is 4046399 a multiple of 1338?
False
Does 158 divide 535546530?
True
Does 12 divide 365783513?
False
Is 723669468 a multiple of 12?
True
Does 16 divide 1872252846?
False
Is 5161253474 a multiple of 66?
False
Is 44264186 a multiple of 20?
False
Does 23 divide 336943790?
True
Is 222742064 a multiple of 1231?
True
Is 35 a factor of 2043997550?
True
Is 585 a factor of 17177355?
True
Is 2512 a factor of 1156021254?
False
Does 5 divide 20258560?
True
Is 68407116 a multiple of 277?
False
Is 239225718 a multiple of 89?
False
Does 5 divide 47722736?
False
Is 7464 a factor of 1125285139?
False
Does 22 divide 1676884?
True
Is 33 a factor of 11336293?
False
Is 15134598 a multiple of 63?
False
Is 116 a factor of 33190384?
True
Is 2 a factor of 5366799?
False
Is 89192103 a multiple of 33?
True
Is 390 a factor of 1718705099?
False
Does 47 divide 49520422?
True
Is 945 a factor of 210930615?
True
Is 86 a factor of 191728486?
True
Is 214 a factor of 46041827?
False
Does 5483 divide 250803386?
True
Is 466274271 a multiple of 636?
False
Is 2728 a factor of 12529440?
False
Is 379848759 a multiple of 121?
False
Does 149 divide 33829705?
True
Is 50001084 a multiple of 3591?
True
Is 25259961 a multiple of 8?
False
Does 14 divide 1492192786?
True
Is 46 a factor of 3033623226?
True
Does 224 divide 101048696?
False
Is 19945040 a multiple of 10?
True
Does 54 divide 1895768658?
True
Does 10 divide 98845796?
False
Is 19957353 a multiple of 897?
True
Does 63 divide 778982355?
False
Does 745 divide 20395865?
True
Is 462101274 a multiple of 27?
True
Is 68582128 a multiple of 684?
False
Is 149 a factor of 25963846?
True
Is 392 a factor of 1264106675?
False
Does 682 divide 20328374?
True
Is 27 a factor of 208243764?
True
Does 62 divide 1009493259?
False
Is 121 a factor of 1323445002?
True
Is 179 a factor of 705526926?
False
Is 3579719407 a multiple of 3970?
False
Is 1133 a factor of 2456014?
False
Is 157 a factor of 19016353?
False
Is 18 a factor of 90637686?
True
Does 254 divide 6720332?
True
Is 11 a factor of 1438438902?
False
Does 2472 divide 144077987?
False
Does 5092 divide 201576618?
False
Is 1182 a factor of 957070128?
True
Is 59 a factor of 211794011?
True
Does 7 divide 8639637?
False
Is 5581663 a multiple of 13?
False
Does 2565 divide 91349910?
True
Is 140 a factor of 30270240?
True
Is 1354256800 a multiple of 394?
True
Is 104085499 a multiple of 413?
True
Is 6 a factor of 202754432?
False
Does 9 divide 142261704?
True
Is 3078728016 a multiple of 129?
False
Is 57303763 a multiple of 449?
False
Does 27 divide 32893371?
True
Does 194 divide 1423655443?
False
Does 10 divide 15827154?
False
Does 176 divide 171451226?
False
Is 39 a factor of 8509279?
False
Does 52 divide 20919184?
True
Is 19 a factor of 6460022657?
False
Is 27693660 a multiple of 1063?
False
Is 485 a factor of 176803355?
True
Is 14822280 a multiple of 7486?
True
Does 6178 divide 23494934?
True
Is 123518484 a multiple of 6?
True
Does 15 divide 30493303?
False
Is 31 a factor of 27678071?
True
Does 126 divide 30538765?
False
Is 14 a factor of 68144636?
True
Does 12 divide 25416564?
True
Is 27 a factor of 48439647?
True
Is 30280699 a multiple of 308?
False
Is 30 a factor of 4121923?
False
Does 685 divide 300291283?
False
Does 7 divide 367949574?
False
Does 103 divide 28252488?
True
Is 93 a factor of 27965007?
True
Is 370315677 a multiple of 31?
True
Is 37799465 a multiple of 1013?
False
Is 794 a factor of 106316155?
False
Is 2 a factor of 7998703?
False
Does 52 divide 450984493?
False
Does 18 divide 428859126?
True
Is 532 a factor of 3134544?
True
Is 616876628 a multiple of 24?
False
Does 694 divide 1752695438?
False
Is 23 a factor of 506835449?
False
Does 834 divide 8384202?
True
Is 13 a factor of 55166618?
True
Is 1296 a factor of 33371989?
False
Does 263 divide 27436423?
True
Is 36735186 a multiple of 1662?
True
Does 460 divide 258980?
True
Is 347063411 a multiple of 33?
False
Does 4 divide 5425523?
False
Is 204134800 a multiple of 53?
True
Is 1444025085 a multiple of 555?
True
Is 2861595 a multiple of 1353?
True
Does 477 divide 1252204252?
False
Does 1314 divide 64099548?
True
Is 996200600 a multiple of 1766?
True
Does 85 divide 26030312?
False
Is 5 a factor of 56130425?
True
Does 55 divide 332590335?
True
Is 6516510 a multiple of 295?
False
Is 118626388 a multiple of 2?
True
Is 8897580 a multiple of 540?
True
Does 129 divide 56545086?
True
Is 2627 a factor of 9200646?
False
Does 149 divide 32182212?
True
Is 616090230 a multiple of 68?
False
Does 91 divide 652385643?
True
Does 10 divide 82015400?
True
Is 81087675 a multiple of 799?
False
Does 1522 divide 1180126838?
True
Does 3 divide 42388998?
True
Does 19 divide 43542034?
True
Is 764908481 a multiple of 8323?
False
Is 281 a factor of 577700896?
False
Does 16 divide 52072560?
True
Is 1043 a factor of 7849618?
True
Is 101509740 a multiple of 90?
True
Does 88 divide 31154879?
False
Does 10 divide 77037451?
False
Is 87 a factor of 172805490?
True
Does 55 divide 1565351095?
True
Is 72 a factor of 29797416?
True
Is 40083203 a multiple of 114?
False
Is 10 a factor of 11332174?
False
Is 3513935 a multiple of 13?
False
Is 20 a factor of 102383422?
False
Does 137 divide 5236553740?
True
Is 321 a factor of 2944042512?
True
Does 276 divide 223446462?
False
Does 69 divide 56072298?
True
Does 38 divide 4498182?
False
Does 107 divide 423520017?
True
Is 79 a factor of 4651333724?
False
Is 60734607 a multiple of 7?
False
Is 5285 a factor of 3298336790?
True
Is 1206821799 a multiple of 169?
False
Is 802 a factor of 1224086862?
False
Is 2712 a factor of 2710790448?
True
Is 65284760 a multiple of 124?
True
Does 13 divide 864339398?
True
Does 45 divide 1994400?
True
Does 339 divide 125596?
False
Is 80092037 a multiple of 3?
False
Is 146562064 a multiple of 332?
True
Does 4 divide 327144556?
True
Is 275 a factor of 415382275?
True
Does 351 divide 59217210?
True
Is 346265789 a multiple of 14?
False
Is 17603206 a multiple of 359?
True
Is 9 a factor of 1911093?
False
Is 9 a factor of 277389?
True
Is 322 a factor of 179142340?
False
Is 1403 a factor of 183274222?
False
Does 394 divide 557231048?
True
Does 9 divide 69056893?
False
Does 1377 divide 1377044064?
True
Is 10 a factor of 438555244?
False
Is 1038 a factor of 29205168?
True
Does 36 divide 591274224?
True
Does 11 divide 1608950403?
False
Is 5505376 a multiple of 81?
False
Does 1930 divide 587312510?
True
Does 75 divide 571224000?
True
Does 1212 